{"id":305,"date":"2025-04-25T12:06:40","date_gmt":"2025-04-25T12:06:40","guid":{"rendered":"https:\/\/thomashurtz-aufstellungen.de\/?page_id=305"},"modified":"2025-04-25T12:06:41","modified_gmt":"2025-04-25T12:06:41","slug":"lebe-dein-feuer-2","status":"publish","type":"page","link":"https:\/\/thomashurtz-aufstellungen.de\/index.php\/lebe-dein-feuer-2\/","title":{"rendered":"Lebe dein Feuer"},"content":{"rendered":"<h1>Ablauf der Thomas Hurtz-Aufstellungen<\/h1>\n<p style=\"text-align: left;\">In der Aufstellung, in der sich alle Beteiligten mit Respekt begegnen, wird das reale Beziehungsgeflecht einer individuellen Gruppe aufgestellt. Dabei ist es unerheblich, um welches System es sich handelt \u2013 ob es ein Beziehungs-, Familien- oder Berufssystem ist. Das dargestellte Verhalten der Gruppenmitglieder l\u00e4sst die ineinandergreifenden Programme sichtbar werden. In der Aufstellung werden L\u00f6sungen erarbeitet, die zu positiven Ver\u00e4nderungen f\u00fchren.<\/p>\n<p style=\"text-align: left;\">Die Thomas Hurtz-Aufstellungen sind deshalb sehr interessant, weil die \u00fcbernommenen Stellvertreterrollen immer auch einen eigenen Pers\u00f6nlichkeitsanteil sichtbar machen. Die \u00fcbernommene Rolle und die daraus erkannte Verletzung werden komplett aufgel\u00f6st, wodurch die Weiterentwicklung des Stellvertreters gef\u00f6rdert wird. Je intensiver ich mit dem Stellvertreter arbeite, desto mehr geschieht auch mit dem Aufstellenden selbst. W\u00e4hrend der Aufstellung erl\u00e4utere und erkl\u00e4re ich die Hintergr\u00fcnde der Problematik und beantworte alle Fragen dazu. Ich setze in den Aufstellungen unterst\u00fctzend Energiearbeit ein. Dennoch ist die aktive Mitarbeit jedes Teilnehmers unerl\u00e4sslich.<\/p>\n<p style=\"text-align: left;\">Der Tag verl\u00e4uft in der Regel folgenderma\u00dfen: Nachdem sich jeder Teilnehmer vorgestellt hat, gibt es eine kurze Meditation. Anschlie\u00dfend beschreibt der Aufstellende sein Anliegen und sein positiv formuliertes Ziel. Der Leiter benennt die Rollen, die vergeben werden, und der Aufstellende sucht aus der Gruppe die Stellvertreter aus. Diese entscheiden, ob sie die Rolle \u00fcbernehmen m\u00f6chten oder nicht. Die in der Rolle stehenden Personen werden in der Mitte positioniert.<\/p>\n<p style=\"text-align: left;\">Nach einem kurzen In-Sich-Gehen stelle ich kontinuierlich Fragen, damit die Stellvertreter die Gef\u00fchle beschreiben, die sie wahrnehmen. Anhand dieser Informationen werden Schritt f\u00fcr Schritt die Verstrickungen sichtbar. Zuletzt erfolgen die Aufl\u00f6sungsarbeiten, bis das genannte Ziel erreicht wurde. Zum Abschluss gibt es eine ver\u00e4nderte Formation der Stellvertreterrollen, was den Aufstellenden noch einmal zus\u00e4tzlich darin unterst\u00fctzt, den Herausforderungen des t\u00e4glichen Lebens k\u00fcnftig besser gewachsen zu sein.<\/p>\n<h2 style=\"text-align: center;\">F\u00fcr weitere Fragen stehe ich telefonisch gerne zur Verf\u00fcgung.<\/h2>\n<p style=\"text-align: left;\">Meine Anschrift<\/p>\n<p style=\"\">Thomas Hurtz<\/p>\n<p style=\"text-align: left;\">Diefenauer Weg 17<\/p>\n<p style=\"\">53567 Asbach<\/p>\n<p style=\"text-align: left;\">Telefonnummern<\/p>\n<p style=\"text-align: left;\">Festnetz: 02683\/966722<\/p>\n<p style=\"text-align: left;\">Mobil: 0178\/1304034<\/p>\n<p style=\"\">\n<p style=\"text-align: left;\">E-Mail<\/p>\n<p style=\"\">thomas.hurtz@gmx.net<\/p>\n<p style=\"text-align: center;\">Webseite mit Freude erstellt von der Agentur Giulio Andrioli.<\/p>\n","protected":false},"excerpt":{"rendered":"<p>Ablauf der Thomas Hurtz-Aufstellungen In der Aufstellung, in der sich alle Beteiligten mit Respekt begegnen, wird das reale Beziehungsgeflecht einer individuellen Gruppe aufgestellt. Dabei ist es unerheblich, um welches System es sich handelt \u2013 ob es ein Beziehungs-, Familien- oder Berufssystem ist. Das dargestellte Verhalten der Gruppenmitglieder l\u00e4sst die ineinandergreifenden Programme sichtbar werden. In der [&hellip;]<\/p>\n","protected":false},"author":1,"featured_media":0,"parent":0,"menu_order":0,"comment_status":"closed","ping_status":"closed","template":"","meta":{"footnotes":""},"class_list":["post-305","page","type-page","status-publish","hentry","post-wrapper","thrv_wrapper"],"yoast_head":"<!-- This site is optimized with the Yoast SEO plugin v27.4 - https:\/\/yoast.com\/product\/yoast-seo-wordpress\/ -->\n<title>Lebe dein Feuer - Thomas Hurtz-Aufstellungen<\/title>\n<meta name=\"robots\" content=\"index, follow, max-snippet:-1, max-image-preview:large, max-video-preview:-1\" \/>\n<link rel=\"canonical\" href=\"https:\/\/thomashurtz-aufstellungen.de\/index.php\/lebe-dein-feuer-2\/\" \/>\n<meta property=\"og:locale\" content=\"de_DE\" \/>\n<meta property=\"og:type\" content=\"article\" \/>\n<meta property=\"og:title\" content=\"Lebe dein Feuer - Thomas Hurtz-Aufstellungen\" \/>\n<meta property=\"og:description\" content=\"Ablauf der Thomas Hurtz-Aufstellungen In der Aufstellung, in der sich alle Beteiligten mit Respekt begegnen, wird das reale Beziehungsgeflecht einer individuellen Gruppe aufgestellt. Dabei ist es unerheblich, um welches System es sich handelt \u2013 ob es ein Beziehungs-, Familien- oder Berufssystem ist. Das dargestellte Verhalten der Gruppenmitglieder l\u00e4sst die ineinandergreifenden Programme sichtbar werden. In der [&hellip;]\" \/>\n<meta property=\"og:url\" content=\"https:\/\/thomashurtz-aufstellungen.de\/index.php\/lebe-dein-feuer-2\/\" \/>\n<meta property=\"og:site_name\" content=\"Thomas Hurtz-Aufstellungen\" \/>\n<meta property=\"article:modified_time\" content=\"2025-04-25T12:06:41+00:00\" \/>\n<meta name=\"twitter:card\" content=\"summary_large_image\" \/>\n<meta name=\"twitter:label1\" content=\"Gesch\u00e4tzte Lesezeit\" \/>\n\t<meta name=\"twitter:data1\" content=\"3\u00a0Minuten\" \/>\n<script type=\"application\/ld+json\" class=\"yoast-schema-graph\">{\"@context\":\"https:\\\/\\\/schema.org\",\"@graph\":[{\"@type\":\"WebPage\",\"@id\":\"https:\\\/\\\/thomashurtz-aufstellungen.de\\\/index.php\\\/lebe-dein-feuer-2\\\/\",\"url\":\"https:\\\/\\\/thomashurtz-aufstellungen.de\\\/index.php\\\/lebe-dein-feuer-2\\\/\",\"name\":\"Lebe dein Feuer - Thomas Hurtz-Aufstellungen\",\"isPartOf\":{\"@id\":\"https:\\\/\\\/thomashurtz-aufstellungen.de\\\/#website\"},\"datePublished\":\"2025-04-25T12:06:40+00:00\",\"dateModified\":\"2025-04-25T12:06:41+00:00\",\"breadcrumb\":{\"@id\":\"https:\\\/\\\/thomashurtz-aufstellungen.de\\\/index.php\\\/lebe-dein-feuer-2\\\/#breadcrumb\"},\"inLanguage\":\"de\",\"potentialAction\":[{\"@type\":\"ReadAction\",\"target\":[\"https:\\\/\\\/thomashurtz-aufstellungen.de\\\/index.php\\\/lebe-dein-feuer-2\\\/\"]}]},{\"@type\":\"BreadcrumbList\",\"@id\":\"https:\\\/\\\/thomashurtz-aufstellungen.de\\\/index.php\\\/lebe-dein-feuer-2\\\/#breadcrumb\",\"itemListElement\":[{\"@type\":\"ListItem\",\"position\":1,\"name\":\"Startseite\",\"item\":\"https:\\\/\\\/thomashurtz-aufstellungen.de\\\/\"},{\"@type\":\"ListItem\",\"position\":2,\"name\":\"Lebe dein Feuer\"}]},{\"@type\":\"WebSite\",\"@id\":\"https:\\\/\\\/thomashurtz-aufstellungen.de\\\/#website\",\"url\":\"https:\\\/\\\/thomashurtz-aufstellungen.de\\\/\",\"name\":\"Thomas Hurtz-Aufstellungen\",\"description\":\"\",\"potentialAction\":[{\"@type\":\"SearchAction\",\"target\":{\"@type\":\"EntryPoint\",\"urlTemplate\":\"https:\\\/\\\/thomashurtz-aufstellungen.de\\\/?s={search_term_string}\"},\"query-input\":{\"@type\":\"PropertyValueSpecification\",\"valueRequired\":true,\"valueName\":\"search_term_string\"}}],\"inLanguage\":\"de\"}]}<\/script>\n<!-- \/ Yoast SEO plugin. -->","yoast_head_json":{"title":"Lebe dein Feuer - Thomas Hurtz-Aufstellungen","robots":{"index":"index","follow":"follow","max-snippet":"max-snippet:-1","max-image-preview":"max-image-preview:large","max-video-preview":"max-video-preview:-1"},"canonical":"https:\/\/thomashurtz-aufstellungen.de\/index.php\/lebe-dein-feuer-2\/","og_locale":"de_DE","og_type":"article","og_title":"Lebe dein Feuer - Thomas Hurtz-Aufstellungen","og_description":"Ablauf der Thomas Hurtz-Aufstellungen In der Aufstellung, in der sich alle Beteiligten mit Respekt begegnen, wird das reale Beziehungsgeflecht einer individuellen Gruppe aufgestellt. Dabei ist es unerheblich, um welches System es sich handelt \u2013 ob es ein Beziehungs-, Familien- oder Berufssystem ist. Das dargestellte Verhalten der Gruppenmitglieder l\u00e4sst die ineinandergreifenden Programme sichtbar werden. In der [&hellip;]","og_url":"https:\/\/thomashurtz-aufstellungen.de\/index.php\/lebe-dein-feuer-2\/","og_site_name":"Thomas Hurtz-Aufstellungen","article_modified_time":"2025-04-25T12:06:41+00:00","twitter_card":"summary_large_image","twitter_misc":{"Gesch\u00e4tzte Lesezeit":"3\u00a0Minuten"},"schema":{"@context":"https:\/\/schema.org","@graph":[{"@type":"WebPage","@id":"https:\/\/thomashurtz-aufstellungen.de\/index.php\/lebe-dein-feuer-2\/","url":"https:\/\/thomashurtz-aufstellungen.de\/index.php\/lebe-dein-feuer-2\/","name":"Lebe dein Feuer - Thomas Hurtz-Aufstellungen","isPartOf":{"@id":"https:\/\/thomashurtz-aufstellungen.de\/#website"},"datePublished":"2025-04-25T12:06:40+00:00","dateModified":"2025-04-25T12:06:41+00:00","breadcrumb":{"@id":"https:\/\/thomashurtz-aufstellungen.de\/index.php\/lebe-dein-feuer-2\/#breadcrumb"},"inLanguage":"de","potentialAction":[{"@type":"ReadAction","target":["https:\/\/thomashurtz-aufstellungen.de\/index.php\/lebe-dein-feuer-2\/"]}]},{"@type":"BreadcrumbList","@id":"https:\/\/thomashurtz-aufstellungen.de\/index.php\/lebe-dein-feuer-2\/#breadcrumb","itemListElement":[{"@type":"ListItem","position":1,"name":"Startseite","item":"https:\/\/thomashurtz-aufstellungen.de\/"},{"@type":"ListItem","position":2,"name":"Lebe dein Feuer"}]},{"@type":"WebSite","@id":"https:\/\/thomashurtz-aufstellungen.de\/#website","url":"https:\/\/thomashurtz-aufstellungen.de\/","name":"Thomas Hurtz-Aufstellungen","description":"","potentialAction":[{"@type":"SearchAction","target":{"@type":"EntryPoint","urlTemplate":"https:\/\/thomashurtz-aufstellungen.de\/?s={search_term_string}"},"query-input":{"@type":"PropertyValueSpecification","valueRequired":true,"valueName":"search_term_string"}}],"inLanguage":"de"}]}},"_links":{"self":[{"href":"https:\/\/thomashurtz-aufstellungen.de\/index.php\/wp-json\/wp\/v2\/pages\/305","targetHints":{"allow":["GET"]}}],"collection":[{"href":"https:\/\/thomashurtz-aufstellungen.de\/index.php\/wp-json\/wp\/v2\/pages"}],"about":[{"href":"https:\/\/thomashurtz-aufstellungen.de\/index.php\/wp-json\/wp\/v2\/types\/page"}],"author":[{"embeddable":true,"href":"https:\/\/thomashurtz-aufstellungen.de\/index.php\/wp-json\/wp\/v2\/users\/1"}],"replies":[{"embeddable":true,"href":"https:\/\/thomashurtz-aufstellungen.de\/index.php\/wp-json\/wp\/v2\/comments?post=305"}],"version-history":[{"count":5,"href":"https:\/\/thomashurtz-aufstellungen.de\/index.php\/wp-json\/wp\/v2\/pages\/305\/revisions"}],"predecessor-version":[{"id":311,"href":"https:\/\/thomashurtz-aufstellungen.de\/index.php\/wp-json\/wp\/v2\/pages\/305\/revisions\/311"}],"wp:attachment":[{"href":"https:\/\/thomashurtz-aufstellungen.de\/index.php\/wp-json\/wp\/v2\/media?parent=305"}],"curies":[{"name":"wp","href":"https:\/\/api.w.org\/{rel}","templated":true}]}}