{"id":140,"date":"2023-11-08T12:50:22","date_gmt":"2023-11-08T12:50:22","guid":{"rendered":"https:\/\/thomashurtz-aufstellungen.de\/?page_id=140"},"modified":"2025-04-15T22:18:14","modified_gmt":"2025-04-15T22:18:14","slug":"ueber-mich","status":"publish","type":"page","link":"https:\/\/thomashurtz-aufstellungen.de\/index.php\/ueber-mich\/","title":{"rendered":"\u00dcber mich"},"content":{"rendered":"<h1 style=\"text-align: left;\">Mein Lebenslauf<\/h1>\n<ul>\n<li style=\"\"><span style=\"\">Geboren 1967 in D\u00fcsseldorf<\/span><\/li>\n<li style=\"\"><span style=\"\">Gelernter B\u00e4ckermeister | Backstubenleiter<\/span><\/li>\n<li style=\"\"><span style=\"\">Vater von zwei erwachsenen Kindern<\/span><\/li>\n<li style=\"\"><span style=\"\">Ausbildungen in Reiki, Rebirthing und Energiearbeit<\/span><\/li>\n<li style=\"\"><span style=\"\">Hellsichtig und hellf\u00fchlig \u2013 ich erkenne, was im Verborgenen wirkt<\/span><\/li>\n<li><span>Spezialisiert auf die Transformation innerer Verletzungen<\/span><\/li>\n<li><span style=\"\">Lebensraum: Westerwald<\/span><\/li>\n<\/ul>\n<p><span style=\"\"><img decoding=\"async\" alt=\"\" data-id=\"291\" width=\"454\" data-init-width=\"832\" height=\"494\" data-init-height=\"905\" title=\"Thomas-Neues-Foto\" src=\"https:\/\/thomashurtz-aufstellungen.de\/wp-content\/uploads\/2025\/04\/Thomas-Neues-Foto-scaled-e1744755360384.jpg\" data-width=\"454\" data-height=\"494\" style=\"aspect-ratio: auto 832 \/ 905;\" mt-d=\"0\" ml-d=\"-1.3000000000000007\" loading=\"lazy\"><\/span><\/p>\n<h2 style=\"text-align: center;\"><strong>Mein Ziel ist es, Dich wieder in Deine Kraft zu bringen, denn ich wei\u00df, wie es sich anf\u00fchlt, wenn man sich selbst verliert und wie heilsam es ist, sich wiederzufinden.&nbsp;<\/strong><\/h2>\n<p><span style=\"--tcb-applied-color: var$(--tcb-color-0)   !important; color: var(--tcb-color-0)  !important;\">Zwischen 2000 und 2003 lernte ich die Aufstellungsarbeit bei verschiedenen, erfahrenen Familienstellern kennen. Es war, als h\u00e4tte mich das Leben selbst gerufen. Mit meinem wachsenden Wissen und meinen spirituellen F\u00e4higkeiten entwickelte ich bald meinen eigenen, tiefgehenden Ansatz.Was mich besonders macht, ist meine Hellsichtigkeit und Hellf\u00fchligkeit. Ich kann erkennen, was unter der Oberfl\u00e4che verborgen liegt \u2013 alte Verletzungen, abgespaltene Anteile, unbewusste Programme. Diese sichtbar zu machen und in etwas Neues zu verwandeln, ist meine Aufgabe \u2013 und meine Berufung.Ich habe mein ganzes Leben lang gelernt, gef\u00fchlt, ausprobiert und mich weiterentwickelt. Reiki, Rebirthing, Energiearbeit \u2013 das sind nicht nur Methoden, sondern Werkzeuge, mit denen ich Menschen auf ihrem Weg begleite.F\u00fcr mich ist jeder Mensch einzigartig. Und genau so individuell darf auch der Weg zur Heilung sein. Ich stelle mich nicht \u00fcber jemanden, sondern gehe ein St\u00fcck des Weges mit \u2013 offen, ehrlich und auf Augenh\u00f6he.Denn echte Ver\u00e4nderung beginnt dort, wo das Herz sich wieder \u00f6ffnen darf.<\/span><\/p>\n<p style=\"\">\n<h4 style=\"font-size: 30px !important;\"><strong><span data-text-highlight=\"none\" style=\"\">Thomas Hurtz-Aufstellungen sind Meilensteine in Deiner Entwicklung, <\/span><\/strong><strong><span data-text-highlight=\"none\" style=\"\">die Dein Leben um <span style=\"\">180<\/span>\u00b0 ver\u00e4ndern k\u00f6nnen.&nbsp;<\/span><\/strong><\/h4>\n<h2 style=\"text-align: center;\">F\u00fcr weitere Fragen stehe ich telefonisch gerne zur Verf\u00fcgung.<\/h2>\n<p style=\"text-align: left;\">Meine Anschrift<\/p>\n<p style=\"\">Thomas Hurtz<\/p>\n<p style=\"text-align: left;\">Diefenauer Weg 17<\/p>\n<p style=\"\">53567 Asbach<\/p>\n<p style=\"text-align: left;\">Telefonnummern<\/p>\n<p style=\"text-align: left;\">Festnetz: 02683\/966722<\/p>\n<p style=\"text-align: left;\">Mobil: 0178\/1304034<\/p>\n<p style=\"\">\n<p style=\"text-align: left;\">E-Mail<\/p>\n<p style=\"\">thomas.hurtz@gmx.net<\/p>\n<p style=\"text-align: center;\">Webseite mit Freude erstellt von der <a href=\"http:\/\/www.giulio-andrioli.de\" target=\"_blank\" style=\"outline: none;\">Agentur Giulio Andrioli.<\/a><\/p>\n","protected":false},"excerpt":{"rendered":"<p>Mein Lebenslauf Geboren 1967 in D\u00fcsseldorf Gelernter B\u00e4ckermeister | Backstubenleiter Vater von zwei erwachsenen Kindern Ausbildungen in Reiki, Rebirthing und Energiearbeit Hellsichtig und hellf\u00fchlig \u2013 ich erkenne, was im Verborgenen wirkt Spezialisiert auf die Transformation innerer Verletzungen Lebensraum: Westerwald Mein Ziel ist es, Dich wieder in Deine Kraft zu bringen, denn ich wei\u00df, wie es [&hellip;]<\/p>\n","protected":false},"author":1,"featured_media":0,"parent":0,"menu_order":0,"comment_status":"closed","ping_status":"closed","template":"","meta":{"footnotes":""},"class_list":["post-140","page","type-page","status-publish","hentry","post-wrapper","thrv_wrapper"],"yoast_head":"<!-- This site is optimized with the Yoast SEO plugin v27.5 - https:\/\/yoast.com\/product\/yoast-seo-wordpress\/ -->\n<title>\u00dcber mich - Thomas Hurtz-Aufstellungen<\/title>\n<meta name=\"robots\" content=\"index, follow, max-snippet:-1, max-image-preview:large, max-video-preview:-1\" \/>\n<link rel=\"canonical\" href=\"https:\/\/thomashurtz-aufstellungen.de\/index.php\/ueber-mich\/\" \/>\n<meta property=\"og:locale\" content=\"de_DE\" \/>\n<meta property=\"og:type\" content=\"article\" \/>\n<meta property=\"og:title\" content=\"\u00dcber mich - Thomas Hurtz-Aufstellungen\" \/>\n<meta property=\"og:description\" content=\"Mein Lebenslauf Geboren 1967 in D\u00fcsseldorf Gelernter B\u00e4ckermeister | Backstubenleiter Vater von zwei erwachsenen Kindern Ausbildungen in Reiki, Rebirthing und Energiearbeit Hellsichtig und hellf\u00fchlig \u2013 ich erkenne, was im Verborgenen wirkt Spezialisiert auf die Transformation innerer Verletzungen Lebensraum: Westerwald Mein Ziel ist es, Dich wieder in Deine Kraft zu bringen, denn ich wei\u00df, wie es [&hellip;]\" \/>\n<meta property=\"og:url\" content=\"https:\/\/thomashurtz-aufstellungen.de\/index.php\/ueber-mich\/\" \/>\n<meta property=\"og:site_name\" content=\"Thomas Hurtz-Aufstellungen\" \/>\n<meta property=\"article:modified_time\" content=\"2025-04-15T22:18:14+00:00\" \/>\n<meta property=\"og:image\" content=\"https:\/\/thomashurtz-aufstellungen.de\/wp-content\/uploads\/2025\/04\/Thomas-Neues-Foto-scaled-e1744755360384.jpg\" \/>\n<meta name=\"twitter:card\" content=\"summary_large_image\" \/>\n<script type=\"application\/ld+json\" class=\"yoast-schema-graph\">{\"@context\":\"https:\\\/\\\/schema.org\",\"@graph\":[{\"@type\":\"WebPage\",\"@id\":\"https:\\\/\\\/thomashurtz-aufstellungen.de\\\/index.php\\\/ueber-mich\\\/\",\"url\":\"https:\\\/\\\/thomashurtz-aufstellungen.de\\\/index.php\\\/ueber-mich\\\/\",\"name\":\"\u00dcber mich - Thomas Hurtz-Aufstellungen\",\"isPartOf\":{\"@id\":\"https:\\\/\\\/thomashurtz-aufstellungen.de\\\/#website\"},\"primaryImageOfPage\":{\"@id\":\"https:\\\/\\\/thomashurtz-aufstellungen.de\\\/index.php\\\/ueber-mich\\\/#primaryimage\"},\"image\":{\"@id\":\"https:\\\/\\\/thomashurtz-aufstellungen.de\\\/index.php\\\/ueber-mich\\\/#primaryimage\"},\"thumbnailUrl\":\"https:\\\/\\\/thomashurtz-aufstellungen.de\\\/wp-content\\\/uploads\\\/2025\\\/04\\\/Thomas-Neues-Foto-scaled-e1744755360384.jpg\",\"datePublished\":\"2023-11-08T12:50:22+00:00\",\"dateModified\":\"2025-04-15T22:18:14+00:00\",\"breadcrumb\":{\"@id\":\"https:\\\/\\\/thomashurtz-aufstellungen.de\\\/index.php\\\/ueber-mich\\\/#breadcrumb\"},\"inLanguage\":\"de\",\"potentialAction\":[{\"@type\":\"ReadAction\",\"target\":[\"https:\\\/\\\/thomashurtz-aufstellungen.de\\\/index.php\\\/ueber-mich\\\/\"]}]},{\"@type\":\"ImageObject\",\"inLanguage\":\"de\",\"@id\":\"https:\\\/\\\/thomashurtz-aufstellungen.de\\\/index.php\\\/ueber-mich\\\/#primaryimage\",\"url\":\"https:\\\/\\\/thomashurtz-aufstellungen.de\\\/wp-content\\\/uploads\\\/2025\\\/04\\\/Thomas-Neues-Foto-scaled-e1744755360384.jpg\",\"contentUrl\":\"https:\\\/\\\/thomashurtz-aufstellungen.de\\\/wp-content\\\/uploads\\\/2025\\\/04\\\/Thomas-Neues-Foto-scaled-e1744755360384.jpg\",\"width\":832,\"height\":905},{\"@type\":\"BreadcrumbList\",\"@id\":\"https:\\\/\\\/thomashurtz-aufstellungen.de\\\/index.php\\\/ueber-mich\\\/#breadcrumb\",\"itemListElement\":[{\"@type\":\"ListItem\",\"position\":1,\"name\":\"Startseite\",\"item\":\"https:\\\/\\\/thomashurtz-aufstellungen.de\\\/\"},{\"@type\":\"ListItem\",\"position\":2,\"name\":\"\u00dcber mich\"}]},{\"@type\":\"WebSite\",\"@id\":\"https:\\\/\\\/thomashurtz-aufstellungen.de\\\/#website\",\"url\":\"https:\\\/\\\/thomashurtz-aufstellungen.de\\\/\",\"name\":\"Thomas Hurtz-Aufstellungen\",\"description\":\"\",\"potentialAction\":[{\"@type\":\"SearchAction\",\"target\":{\"@type\":\"EntryPoint\",\"urlTemplate\":\"https:\\\/\\\/thomashurtz-aufstellungen.de\\\/?s={search_term_string}\"},\"query-input\":{\"@type\":\"PropertyValueSpecification\",\"valueRequired\":true,\"valueName\":\"search_term_string\"}}],\"inLanguage\":\"de\"}]}<\/script>\n<!-- \/ Yoast SEO plugin. -->","yoast_head_json":{"title":"\u00dcber mich - Thomas Hurtz-Aufstellungen","robots":{"index":"index","follow":"follow","max-snippet":"max-snippet:-1","max-image-preview":"max-image-preview:large","max-video-preview":"max-video-preview:-1"},"canonical":"https:\/\/thomashurtz-aufstellungen.de\/index.php\/ueber-mich\/","og_locale":"de_DE","og_type":"article","og_title":"\u00dcber mich - Thomas Hurtz-Aufstellungen","og_description":"Mein Lebenslauf Geboren 1967 in D\u00fcsseldorf Gelernter B\u00e4ckermeister | Backstubenleiter Vater von zwei erwachsenen Kindern Ausbildungen in Reiki, Rebirthing und Energiearbeit Hellsichtig und hellf\u00fchlig \u2013 ich erkenne, was im Verborgenen wirkt Spezialisiert auf die Transformation innerer Verletzungen Lebensraum: Westerwald Mein Ziel ist es, Dich wieder in Deine Kraft zu bringen, denn ich wei\u00df, wie es [&hellip;]","og_url":"https:\/\/thomashurtz-aufstellungen.de\/index.php\/ueber-mich\/","og_site_name":"Thomas Hurtz-Aufstellungen","article_modified_time":"2025-04-15T22:18:14+00:00","og_image":[{"url":"https:\/\/thomashurtz-aufstellungen.de\/wp-content\/uploads\/2025\/04\/Thomas-Neues-Foto-scaled-e1744755360384.jpg","type":"","width":"","height":""}],"twitter_card":"summary_large_image","schema":{"@context":"https:\/\/schema.org","@graph":[{"@type":"WebPage","@id":"https:\/\/thomashurtz-aufstellungen.de\/index.php\/ueber-mich\/","url":"https:\/\/thomashurtz-aufstellungen.de\/index.php\/ueber-mich\/","name":"\u00dcber mich - Thomas Hurtz-Aufstellungen","isPartOf":{"@id":"https:\/\/thomashurtz-aufstellungen.de\/#website"},"primaryImageOfPage":{"@id":"https:\/\/thomashurtz-aufstellungen.de\/index.php\/ueber-mich\/#primaryimage"},"image":{"@id":"https:\/\/thomashurtz-aufstellungen.de\/index.php\/ueber-mich\/#primaryimage"},"thumbnailUrl":"https:\/\/thomashurtz-aufstellungen.de\/wp-content\/uploads\/2025\/04\/Thomas-Neues-Foto-scaled-e1744755360384.jpg","datePublished":"2023-11-08T12:50:22+00:00","dateModified":"2025-04-15T22:18:14+00:00","breadcrumb":{"@id":"https:\/\/thomashurtz-aufstellungen.de\/index.php\/ueber-mich\/#breadcrumb"},"inLanguage":"de","potentialAction":[{"@type":"ReadAction","target":["https:\/\/thomashurtz-aufstellungen.de\/index.php\/ueber-mich\/"]}]},{"@type":"ImageObject","inLanguage":"de","@id":"https:\/\/thomashurtz-aufstellungen.de\/index.php\/ueber-mich\/#primaryimage","url":"https:\/\/thomashurtz-aufstellungen.de\/wp-content\/uploads\/2025\/04\/Thomas-Neues-Foto-scaled-e1744755360384.jpg","contentUrl":"https:\/\/thomashurtz-aufstellungen.de\/wp-content\/uploads\/2025\/04\/Thomas-Neues-Foto-scaled-e1744755360384.jpg","width":832,"height":905},{"@type":"BreadcrumbList","@id":"https:\/\/thomashurtz-aufstellungen.de\/index.php\/ueber-mich\/#breadcrumb","itemListElement":[{"@type":"ListItem","position":1,"name":"Startseite","item":"https:\/\/thomashurtz-aufstellungen.de\/"},{"@type":"ListItem","position":2,"name":"\u00dcber mich"}]},{"@type":"WebSite","@id":"https:\/\/thomashurtz-aufstellungen.de\/#website","url":"https:\/\/thomashurtz-aufstellungen.de\/","name":"Thomas Hurtz-Aufstellungen","description":"","potentialAction":[{"@type":"SearchAction","target":{"@type":"EntryPoint","urlTemplate":"https:\/\/thomashurtz-aufstellungen.de\/?s={search_term_string}"},"query-input":{"@type":"PropertyValueSpecification","valueRequired":true,"valueName":"search_term_string"}}],"inLanguage":"de"}]}},"_links":{"self":[{"href":"https:\/\/thomashurtz-aufstellungen.de\/index.php\/wp-json\/wp\/v2\/pages\/140","targetHints":{"allow":["GET"]}}],"collection":[{"href":"https:\/\/thomashurtz-aufstellungen.de\/index.php\/wp-json\/wp\/v2\/pages"}],"about":[{"href":"https:\/\/thomashurtz-aufstellungen.de\/index.php\/wp-json\/wp\/v2\/types\/page"}],"author":[{"embeddable":true,"href":"https:\/\/thomashurtz-aufstellungen.de\/index.php\/wp-json\/wp\/v2\/users\/1"}],"replies":[{"embeddable":true,"href":"https:\/\/thomashurtz-aufstellungen.de\/index.php\/wp-json\/wp\/v2\/comments?post=140"}],"version-history":[{"count":19,"href":"https:\/\/thomashurtz-aufstellungen.de\/index.php\/wp-json\/wp\/v2\/pages\/140\/revisions"}],"predecessor-version":[{"id":292,"href":"https:\/\/thomashurtz-aufstellungen.de\/index.php\/wp-json\/wp\/v2\/pages\/140\/revisions\/292"}],"wp:attachment":[{"href":"https:\/\/thomashurtz-aufstellungen.de\/index.php\/wp-json\/wp\/v2\/media?parent=140"}],"curies":[{"name":"wp","href":"https:\/\/api.w.org\/{rel}","templated":true}]}}